30
What is 11010101 (base 2) in base 13?
135
Convert 2033303 (base 4) to base 12.
53ab
-23132 (base 5) to base 10
-1667
What is 111101010101 (base 2) in base 13?
1a2c
What is -14015 (base 9) in base 15?
-2c2b
225 (base 7) to base 5
432
-428 (base 9) to base 4
-11132
Convert -3652 (base 7) to base 6.
-10144
-22260 (base 8) to base 16
-24b0
Convert -15a (base 13) to base 16.
-f4
Convert 110 (base 7) to base 6.
132
What is -1443444 (base 5) in base 3?
-1120200202
Convert 1021210002 (base 3) to base 15.
77a5
What is 2a9b (base 13) in base 15?
1c92
Convert -10001120 (base 3) to base 8.
-4265
1110011100011 (base 2) to base 3
101010220
-37d1 (base 15) to base 14
-449a
What is -554 (base 10) in base 3?
-202112
-2339 (base 11) to base 13
-151c
What is -2b24 (base 15) in base 12?
-5437
What is -1245 (base 10) in base 6?
-5433
What is -a0 (base 16) in base 9?
-187
What is -2233344 (base 5) in base 13?
-151a4
What is -1772 (base 9) in base 16?
-551
What is -9131 (base 10) in base 13?
-4205
23a (base 12) to base 5
2314
264 (base 11) to base 9
376
What is b8a (base 13) in base 8?
3665
-4740 (base 10) to base 2
-1001010000100
What is 5ed4 (base 15) in base 5?
1121344
What is 7076 (base 8) in base 10?
3646
-116a (base 13) to base 5
-34304
-100010001111 (base 2) to base 7
-6250
Convert -10010001100100 (base 2) to base 10.
-9316
Convert -20133 (base 5) to base 13.
-786
What is 100120110 (base 3) in base 4?
1231002
What is 138 (base 13) in base 11?
187
What is -32a (base 11) in base 2?
-110001011
What is -1865 (base 10) in base 15?
-845
What is -57a9 (base 14) in base 11?
-104a6
Convert 10001010100110 (base 2) to base 16.
22a6
What is 11043 (base 6) in base 10?
1539
1002231 (base 4) to base 6
31433
14020 (base 10) to base 14
5176
-98 (base 16) to base 2
-10011000
What is 3133 (base 7) in base 12?
77a
What is 8364 (base 9) in base 11?
4676
What is -1844 (base 12) in base 15?
-d07
Convert de6e (base 15) to base 12.
23335
107a4 (base 12) to base 9
32887
2110220 (base 3) to base 2
11100001110
-2427 (base 14) to base 3
-22122121
-3322 (base 5) to base 14
-250
Convert 31105 (base 10) to base 14.
b49b
What is -149 (base 11) in base 7?
-336
Convert -892 (base 15) to base 16.
-791
2231 (base 4) to base 12
125
-113602 (base 7) to base 5
-1124113
464 (base 11) to base 4
20222
-566 (base 8) to base 12
-272
Convert 144165 (base 7) to base 12.
14173
What is 11123202 (base 4) in base 11?
15790
6457 (base 8) to base 16
d2f
What is 2e75 (base 15) in base 2?
10011100011010
What is -232 (base 6) in base 11?
-84
-6596 (base 11) to base 13
-3c5c
Convert -10010001100 (base 2) to base 7.
-3252
636 (base 10) to base 5
10021
What is -11222122 (base 3) in base 14?
-1479
What is 155 (base 11) in base 5?
1211
What is 1288 (base 11) in base 14?
873
-23232 (base 5) to base 10
-1692
Convert -1b1 (base 14) to base 2.
-101011111
-10121021 (base 3) to base 7
-10441
1b24 (base 14) to base 5
124212
What is -4548 (base 16) in base 11?
-12364
Convert 12332 (base 5) to base 8.
1707
7f2a (base 16) to base 8
77452
-111010 (base 3) to base 14
-1b4
b326 (base 13) to base 6
310214
What is -1054 (base 7) in base 12?
-27a
Convert 411 (base 9) to base 15.
174
What is -65325 (base 8) in base 13?
-c5aa
1d12 (base 16) to base 8
16422
Convert 2424310 (base 5) to base 11.
31277
Convert 23102 (base 7) to base 16.
16fa
What is -10467 (base 10) in base 5?
-313332
What is 573b (base 12) in base 10?
9695
Convert -2783 (base 9) to base 8.
-4064
What is -14023 (base 5) in base 12?
-7aa
Convert -12330 (base 6) to base 16.
-73e
2b60 (base 15) to base 16
2463
Convert -19165 (base 12) to base 10.
-36509
Convert -354144 (base 6) to base 8.
-74020
Convert 111440 (base 5) to base 10.
3995
What is 588 (base 11) in base 16?
2bd
What is -23232320 (base 4) in base 11?
-33118
Convert -36a3 (base 15) to base 8.
-26554
10922 (base 10) to base 5
322142
What is -15658 (base 9) in base 15?
-32b5
Convert 10110 (base 4) to base 10.
276
110011111 (base 2) to base 13
25c
-44a8 (base 12) to base 15
-23cb
-272 (base 10) to base 8
-420
Convert -1001 (base 9) to base 11.
-604
Convert -3d69 (base 14) to base 4.
-2221321
What is -12332 (base 5) in base 15?
-447
What is -57 (base 15) in base 8?
-122
162673 (base 8) to base 14
1760b
229 (base 14) to base 2
110101101
-1110010111 (base 2) to base 15
-414
-d7a (base 15) to base 5
-44130
What is 1064 (base 15) in base 2?
110110001101
-5525 (base 6) to base 12
-8a5
Convert -6e87 (base 15) to base 10.
-23527
176 (base 14) to base 7
606
1204 (base 8) to base 9
785
-11000011011001 (base 2) to base 15
-3a8a
14d7 (base 16) to base 11
4010
What is -10010110100 (base 2) in base 5?
-14304
What is 4314 (base 6) in base 13?
5a7
What is -55687 (base 9) in base 3?
-1212202221
What is 3c8b (base 13) in base 9?
12874
What is 555 (base 7) in base 16?
11d
What is -10020 (base 3) in base 9?
-106
What is -111110100011 (base 2) in base 3?
-12111021
What is -1755 (base 10) in base 8?
-3333
-101011220 (base 3) to base 16
-1cfe
What is 13643 (base 10) in base 5?
414033
What is -34880 (base 12) in base 4?
-101023200
What is 2990 (base 16) in base 2?
10100110010000
145 (base 16) to base 13
1c0
42052 (base 6) to base 3
21202012
Convert -1421 (base 6) to base 2.
-101110101
3424 (base 8) to base 12
1070
What is -1304111 (base 6) in base 15?
-16011
What is 1466 (base 7) in base 6?
2415
10000101010100 (base 2) to base 7
33606
846 (base 14) to base 7
4516
What is 1826 (base 11) in base 9?
3165
Convert 1075 (base 9) to base 14.
40d
What is 9a (base 15) in base 3?
12101
Convert -2503 (base 9) to base 10.
-1866
What is -7831 (base 14) in base 6?
-240215
178 (base 13) to base 5
2033
What is 123124 (base 8) in base 2?
1010011001010100
Convert -30240 (base 5) to base 3.
-2200001
What is -37604 (base 9) in base 6?
-313004
What is b58 (base 12) in base 2?
11001110100
Convert -ac8 (base 14) to base 16.
-858
What is ad86 (base 14) in base 16?
759a
What is -54434 (base 7) in base 4?
-3110132
What is -432133 (base 5) in base 2?
-11100101001100
-61b8 (base 14) to base 2
-100000110110110
What is -4934 (base 14) in base 6?
-135110
What is 11102012 (base 4) in base 8?
52206
What is 100220220 (base 3) in base 15?
2223
-110201 (base 4) to base 7
-3554
Convert -4362 (base 7) to base 14.
-7d9
What is 2121303 (base 4) in base 14?
3831
-10333330 (base 4) to base 6
-234444
What is 1510 (base 6) in base 15?
1bc
11c (base 14) to base 12
166
Convert 1111101101 (base 2) to base 3.
1101020
What is 1442404 (base 6) in base 10?
83524
Convert 16 (base 13) to base 4.
103
Convert 235 (base 15) to base 6.
2152
Convert -35811 (base 9) to base 11.
-17026
Convert -101230 (base 4) to base 5.
-14012
Convert -ce9 (base 16) to base 6.
-23145
Convert 110101101 (base 2) to base 11.
360
Convert 99 (base 15) to base 5.
1034
What is be (base 16) in base 2?
10111110
What is 430 (base 7) in base 15?
e7
What is -68b5 (base 15) in base 4?
-11123030
38 (base 14) to base 2
110010
Convert 195c (base 13) to base 16.
ed3
What is 60b (base 13) in base 16?
401
What is -2130030 (base 4) in base 11?
-7568
Convert 112013321 (base 4) to base 2.
10110000111111001
Convert -111111021 (base 3) to base 9.
-14437
What is -310 (base 13) in base 2?
-1000001000
-8564 (base 9) to base 2
-1100010010111
Convert -20a96 (base 13) to base 14.
-17699
What is -6841 (base 9) in base 11?
-388a
-10130 (base 4) to base 7
-554
What is -122334 (base 6) in base 5?
-322210
3311002 (base 5) to base 9
86165
What is 2051 (base 12) in base 13?
17a7
What is 6642 (base 7) in base 8?
4516
Convert 8261 (base 11) to base 13.
4cab
What is -a327 (base 12) in base 14?
-6675
10113 (base 4) to base 3
101100
Convert 195 (base 10) to base 14.
dd
What is -1c4a (base 14) in base 4?
-1100222
Convert 1154 (base 8) to base 12.
438
Convert 20a4 (base 11) to base 8.
5330
112432 (base 5) to base 8
10025
-565 (base 14) to base 4
-100231
What is 20221 (base 3) in base 2?
10111011
1604 (base 9) to base 15
564
What is 2020011 (base 3) in base 9?
2204
2153 (base 7) to base 15
368
Convert 425 (base 6) to base 3.
12222
31175 (base 9) to base 7
113642
-122 (base 4) to base 16
-1a
-3511 (base 7) to base 4
-110002
What is -11003 (base 4) in base 16?
-143
Convert -25 (base 12) to base 16.
-1d
-dda (base 14) to base 11
-2071
-110000001100 (base 2)